the first derivative of c(k). What is d(w)?
1
Let l(y) be the third derivative of y**8/6720 + y**7/840 - y**6/180 + y**5/40 + y**4/8 - 2*y**2. Let g(d) be the second derivative of l(d). What is g(-4)?
3
Suppose 0 = 2*k + 3*y - 0*y, 2*y = -5*k + 22. Let a(w) = w**3 - 5*w**2 - 7*w + 9. What is a(k)?
3
Let i(l) = -11*l + 7. Let j(a) = -10*a + 6. Let u(p) = -5*i(p) + 6*j(p). Let r = 2 + -3. Calculate u(r).
6
Suppose 4*b - 20 = -d, d - 4 + 2 = -b. Let y(m) = -5*m - 6. Let v(p) = 4*p + 7. Let t(w) = -6*v(w) - 5*y(w). What is t(b)?
-6
Let a(k) = -7*k + 1. Suppose -5*q = -0 + 5. Determine a(q).
8
Suppose -10 - 6 = -4*c. Let i(n) = n**3 - 4*n**2 + 3*n - 6. Determine i(c).
6
Let g(x) = -x**2 + 3*x. Let k(o) = -o + 3 - 3 - 1. Let b be k(-5). Calculate g(b).
-4
Let d(l) be the first derivative of 2*l**2 + 4*l - 16. Let k(r) = 2*r**3 + 4*r**2 + 3*r + 2. Let n be k(-2). Calculate d(n).
-12
Let b = -3 - -3. Let h(w) be the third derivative of w**7/840 - w**6/360 - w**4/4 + w**3/3 + 2*w**2. Let g(v) be the first derivative of h(v). Determine g(b).
-6
Let w be 4/6 + 7/3. Suppose 4*q = -2*b + 18, -6*b + b + 27 = q. Let c(m) = -1 - 3 + b - 2*m. Give c(w).
-5
Let m(b) = b**3 - 2*b**2 - b - 3. Suppose -2*c + c = -3. Calculate m(c).
3
Let r(v) = -31*v - 47. Let t(q) = 11*q + 16. Let w(u) = -6*r(u) - 17*t(u). Determine w(0).
10
Let f(x) be the third derivative of x**5/60 + 5*x**4/12 - 7*x**3/6 - 7*x**2. Determine f(-11).
4
Let n(i) = 7*i**3 + i**2 + 2*i + 1. Suppose 0 = 3*p - 3, p = 4*u - 5*u. Calculate n(u).
-7
Let s(i) = -8*i - 5. Let w(m) = -9*m - 6. Let t(v) = -7*s(v) + 6*w(v). Calculate t(-3).
-7
Let c = 2 - 4. Let k(q) = -q**2 + 1. What is k(c)?
-3
Suppose 2*w + 5 = -9. Let o(i) = i**2 + 2*i - 6. Let n be o(-5). Let y be 1 - 3 - (w + n). Let p(z) = -z - 5. Give p(y).
-1
Let j(y) = 41*y**2 - 4*y - 40*y**2 - y + 4. What is j(3)?
-2
Let b(f) = -f**2 - 4*f. Let m = 22 + -23. Let a be (2/m)/((-6)/(-9)). Determine b(a).
3
Let z(n) be the third derivative of n**5/60 + n**4/3 - n**3/3 + 16*n**2. Calculate z(-8).
-2
Let b be 1/(-1)*9/(-1). Suppose 2*g - 3 = l, g + 3*l + 0*l = -b. Let w(n) = n + 6. Determine w(g).
6
Let c(q) = -q**3 + 3. Let h be c(0). Let b(f) = 2*f**2 - h*f**2 + 0*f + 4*f. Let t = -43 - -46. Determine b(t).
3
Let s(n) = 3*n - 3. Suppose -4 = o - 2*j + 1, -13 = -3*o - j. Calculate s(o).
6
Let u(a) = a**2 - 4*a - 3. Let j(i) be the first derivative of 3*i**2/2 - 4*i - 3. Let x be j(3). Calculate u(x).
2
Let k(t) be the second derivative of t**5/10 - t**4/4 + t**3/3 - t**2/2 - 4*t. Determine k(2).
7
Let n(q) = q + 1. Let x be n(-1). Let z(p) be the first derivative of -1/3*p**3 - 1/2*p**2 - 4*p + 1. Give z(x).
-4
Suppose 2*q - 28 = 4*a, -3*q - 4*a - 8 = -0*q. Let z(v) = -v**2 + 5*v + 2. What is z(q)?
6
Let w(m) be the second derivative of -1/4*m**4 - 1/720*m**6 - 3*m + 0*m**2 + 1/40*m**5 + 0*m**3 + 0. Let n(x) be the third derivative of w(x). Determine n(0).
3
Let h(r) = -r + 4. Let x(l) = -4*l + 31. Let t be x(9). What is h(t)?
9
Let p(f) be the third derivative of -f**5/60 + 5*f**4/24 - 5*f**3/6 + f**2. What is p(5)?
-5
Let c(r) = -r - 2 + r**2 - 5 + 7*r**3 + 0*r - 12*r. Let k(g) = -3*g**3 - g**2 + 6*g + 3. Let t(b) = 4*c(b) + 9*k(b). Suppose 0 = -3*h + 4*h - 3. What is t(h)?
-13
Let z(n) = -n**3 + 4*n**2 + 7*n + 1. Let q(a) = -5*a**3 + a + 1. Suppose -p = -1, -2*p = u - 0*p - 1. Let h be q(u). Suppose h*s - 10 = 15. Calculate z(s).
11
Let p(g) = 4*g**2 + g**3 + 1 + g**2 - g**2. Calculate p(-2).
9
Let d(p) = -p - 1. Let f be d(1). Let k be 4/f + 2 - -6. Let x(b) = b + 4 - k*b + 4*b. Determine x(4).
0
Let i(l) = 4 + 3 + 4*l - 3*l. Let k(z) = -3*z - 15. Let n(h) = 5*i(h) + 2*k(h). Let w = 20 + -20. Give n(w).
5
Let t(m) be the first derivative of -3*m**2 - 3 - 1/3*m**3 + m. Calculate t(-6).
1
Let x be (-3)/(-12) + 105/12. Let q(k) = -11*k**2 + 1 + 5*k**2 + x*k**2 - 2. Give q(1).
2
Let q(y) = 11*y + 1. Let r(a) = -a. Let w(g) = -q(g) - 2*r(g). Determine w(-1).
8
Let m be (-158)/(-10) - 16/20. Suppose -a - 2*a = m. Let j(w) = w**2 - 2 + w + 5 + 3*w. Give j(a).
8
Let r(o) be the second derivative of 0 + 1/120*o**6 - 1/120*o**5 + 1/3*o**3 + 0*o**2 - 4*o + 0*o**4. Let b(s) be the second derivative of r(s). Calculate b(1).
2
Suppose -5 = j - 6*j. Suppose -3*i = j - 7. Let t(v) = -v**3 - 2*v**2 - 2*v**i + 3*v**2 + 1 + 5*v**3. Determine t(1).
4
Let j(c) be the second derivative of c**5/20 - 5*c**4/12 + 5*c**2/2 - c. Let b = 90 + -86. Determine j(b).
-11
Let c(x) = -x**3 - 6*x**2 + x + 12. Let v be c(-6). Let t(w) = -w**3 + 5*w**2 + 6*w - 6. Calculate t(v).
-6
Let p(d) = 3*d - 3. Let l(t) = 4*t - 3. Let m(n) = -4*l(n) + 5*p(n). Determine m(5).
-8
Let y = -11 + 16. Let u(w) = w + 3 + 4 + y*w + w**2. Give u(-5).
2
Let z(i) = 5*i + 3. Suppose -5*a + 4 = -3*a + 2*r, 5 = 4*a + 3*r. Let s = -3 - a. Determine z(s).
-7
Let i(v) be the first derivative of -v**5/20 - v**4/2 + 4*v**2 + 6*v - 10. Let k(s) be the first derivative of i(s). What is k(-6)?
8
Let a(m) = -5*m - 2. Let n(v) = -v**3 + 9*v**2 - 9*v + 11. Let k be n(8). Suppose -6*z = -4*b - 5*z - 5, -5*z = -k*b + 9. Give a(b).
8
Let n(i) = i**3 + 4*i**2 + i - 3. Suppose 4*z - 70 = 6*z. Let m be (-2)/(-4) + z/10. What is n(m)?
3
Let w(n) = 15*n**2 + 11*n**2 - 2*n**3 + n**3 - 3*n - 20*n**2. Give w(2).
10
Let t(x) = 4*x - 39. Let u(z) = -3*z + 26. Let f(y) = -5*t(y) - 7*u(y). Determine f(0).
13
Let l(m) = -m**2 + 6. Let k be 2/9 + (-4066)/(-171). Let t = k + -24. Give l(t).
6
Let a(h) = 13*h**3 + 12*h**2 - 11*h - 11. Let u(b) = 7*b**3 + 7*b**2 - 6*b - 6. Let g(l) = -6*a(l) + 11*u(l). Give g(4).
16
Let a(j) be the second derivative of j**4/12 - 5*j**3/3 - 6*j**2 + 52*j. Determine a(11).
-1
Let o(c) = -c**2 - 3*c + 5. Suppose -3*q + q = 10. What is o(q)?
-5
Let x(g) = -2*g - 7. Suppose 0 = -3*a - 0*a + 24. Let o be 3/(-2)*-2 - a. Give x(o).
3
Let m(u) be the third derivative of u**4/12 - u**3/2 - 3*u**2. Let b be -3*(1 + 14/(-6)). Suppose -2*z + b*z - 8 = 0. Calculate m(z).
5
Let o(g) = g + 6. Suppose -3*y - 12 = 2*q, 4*y + 3*q = 2*q - 16. Calculate o(y).
2
Let a(m) = -m**2 + m - 1. Let z(u) = 0 + 0 + 4 - 2*u. Let i be 16/6 + 2/6. Let t be z(i). Give a(t).
-7
Let t(l) = l**2 + 31*l - 27. Let i be t(-32). Let w(h) = h - 5. What is w(i)?
0
Let w be 15 - 11 - (1 + 1). Suppose -2*f + 2*b + 8 = 0, 0 = w*b + 2*b + 20. Let l(d) = 13*d**3 + d**2 + d + 1. Determine l(f).
-12
Let u = -12 + 10. Let t(z) = 1 + z + 1 + z. What is t(u)?
-2
Let d(g) be the second derivative of -g**4/12 - g**3 + 3*g**2 + 4*g. Let x(t) = -5*t**2 - 25*t + 25. Let w(p) = 9*d(p) - 2*x(p). Calculate w(3).
1
Let k(o) = 5*o - 3*o + 1 + 3*o. Determine k(-3).
-14
Let j(b) = -b - 2. Let m be -2*(1 + (-7)/2). Suppose -m*y - 3 = 2. Calculate j(y).
-1
Let g(x) be the second derivative of x**4/12 + 5*x**3/6 + 3*x**2/2 + x. Let j be -2*(-3 - -15 - 2). Let b be (j/16)/(6/24). Calculate g(b).
3
Let a(j) = -j**2 - 1. Let c be a(1). Let z(r) = -r**3 + r**2 + 2*r + 3. Give z(c).
11
Let m(g) = -g**3 - 15*g**2 - 15*g - 11. Suppose 5*t + 4*f = -50, -t + 6*t + 5*f = -45. Let b be m(t). Let c(h) = -h - 2*h - h**2 + 2*h**2 + 1. What is c(b)?
1
Suppose -4*m - 24 = -9*m - 2*q, -5*q = -2*m + 27. Let u(b) = -b + 8. Give u(m).
2
Let a = 5 + -8. Let p(q) = 2*q + 3. Calculate p(a).
-3
Let y be (-2 + 4)/(2/2). Let x(p) = p**3 + 0*p**2 + 3*p - 2*p + 5*p**y - 5. Give x(-4).
7
Let f(t) = -t**2 + 4*t - 4. Suppose 5*a + 5*u - 60 = 0, -2*a - u = -4*a + 36. Let q = -11 + a. Determine f(q).
-9
Let d(k) be the third derivative of k**4/24 + k**3/2 - k**2. Give d(-2).
1
Suppose -4*j - 8 = -4*v, 5*j + 2*v - 6 = 3*v. Suppose -4*a - 5*m = -21, 5*a + 5*m - m = 24. Let u(q) = 3*q**j - a*q - 4*q**2 + 0*q**2 + 2. What is u(-3)?
5
Suppose -n - 19*n = 20. Let u(a) be the second derivative of -4*a**3/3 - a. Give u(n).
8
Let w(p) = -p + 1 + 3 - 1 - p. Let d(c) be the first derivative of c**2/2 - 2. Let j be d(3). Calculate w(j).
-3
Let x(y) = -2*y - 12 + 16 - 3 + 4*y. Give x(-2).
-3
Let w(x) = -x**3 - x**2 + 3*x + 1. Let t be w(-2). Let d = 4 + t. Let n(k) = d*k - k - 2 - 1. Give n(3).
3
Suppose -s = 2, 3*y = -0*y - 4*s + 10. Suppose -2*x - 4 - y = 0. Let g(u) = u**3 + 5*u**2 + u - 1. Calculate g(x).
-6
Let o(k) = k + 12. Let l be o(-9). Let z(d) = 2*d + d**l - 2 + 3*d**2 + d - 8*d. Determine z(-4).
2
Le